culate the highest common factor of 2 and a.
2
Let i be 1*(-33)/(-3) + -1. Let g = 11 + -1. Calculate the highest common divisor of i and g.
10
Let w = 44 - 34. What is the highest common factor of w and 1?
1
Let g be (-6)/(-9) + 788/6. Let p be 27 + (-2)/(-2)*-2. Let o = p - 13. What is the highest common factor of o and g?
12
Let i = -22 - -31. Suppose i = 4*u + 1. Let h(d) = d**2 - 5*d + 8. Let m be h(6). What is the highest common divisor of m and u?
2
Let t = 74 + -43. Let g = t - 19. Calculate the greatest common factor of 8 and g.
4
Suppose 3*c + 15 = -18. Let h = c - -23. Let n(l) = -6*l**3 - 2*l**2 + l - 2. Let w be n(-2). Calculate the highest common divisor of w and h.
12
Let i be 1/(-1)*(-2 + 7). Let u = i - -7. Suppose c - u*c + 64 = 0. What is the greatest common divisor of 8 and c?
8
Let h(y) = y**2 + y + 3. Let m be h(3). Let t be 2/(3/(-5) + 1). Suppose -355 = -t*s + 170. What is the highest common divisor of m and s?
15
Let h = 18 + -13. Suppose -h*a + 239 = -1. What is the greatest common divisor of 6 and a?
6
Suppose -2*s = 3*s - 2*g - 77, 4*s = 3*g + 63. Let w(d) = 8*d**2 - 3*d - 6. Let c be w(-3). What is the highest common divisor of c and s?
15
Let u = 27 + -16. Let d = 17 - -38. What is the highest common divisor of d and u?
11
Let i be (-4 + 1)*(-452)/6. Suppose 0 = 3*z + l + 3*l - 120, 0 = -5*z + 2*l + i. What is the highest common factor of z and 4?
4
Let v(g) = 4*g + 2. Suppose -2*d = 3*d - 10. Let m be v(d). Calculate the highest common factor of m and 25.
5
Suppose -b - 4*b + 36 = 2*h, -4*h + 12 = 0. Let x(p) = -p**3 + 8*p**2 - 6*p + 9. Let t be x(b). What is the greatest common factor of t and 5?
5
Suppose 0 = -q - f + 5, 2*f + 3*f = -q + 9. Calculate the highest common divisor of q and 12.
4
Suppose -4*t - 107 = -3*b - 2*b, 4*t = 4*b - 88. Suppose -109 = -4*u + 119. What is the greatest common divisor of b and u?
19
Suppose -1 = -5*x + 24. Suppose -x*u = -0 - 20. Calculate the highest common factor of u and 36.
4
Let v = 5 - 0. Suppose 5*s = v*u - 105, 0 = 3*u + 2*s + 2*s - 42. Calculate the greatest common divisor of 12 and u.
6
Suppose 0 = -5*h + h + 24. Suppose -h = 3*u - 21. Suppose -u*g + 461 = 56. Calculate the greatest common divisor of g and 9.
9
Let u be (1 - (-18)/4)*2. Let r = -377 + 388. What is the highest common factor of u and r?
11
Suppose 0 = 3*v + 130 + 2. Let p be (v + -1)*12/(-30). Let m(w) = 6*w**2 - w + 1. Let j be m(-2). What is the greatest common divisor of j and p?
9
Let x be ((-20)/50)/((-1)/285). Calculate the highest common divisor of 19 and x.
19
Suppose 4*y - 250 = 2*y. Calculate the highest common divisor of 50 and y.
25
Suppose 5*n - 36 = 2*n. Let u be (n/(-30))/((-2)/5). Let h(k) = -k**3 - 6*k**2 - k + 4. Let q be h(-6). What is the greatest common divisor of q and u?
1
Let v be (0 - 16/(-4))*16. Calculate the greatest common divisor of 8 and v.
8
Suppose 0 = -4*t + 3*t - 1. Let z(q) = -q**2 + 2*q + 1. Let b be z(t). Let m be (-2 - b) + (26 - -1). Calculate the highest common divisor of 18 and m.
9
Suppose 2*c = 3*k - 100, -7*c - 131 = -4*k - 2*c. Calculate the highest common factor of 51 and k.
17
Let n(z) = -3*z - 18 + 17 + z + 94*z**2. Let d = 0 + -1. Let h be n(d). What is the highest common factor of h and 19?
19
Let h be (2 - 5)/(2/(-10)). Let m = -7 + h. What is the greatest common divisor of 4 and m?
4
Let t(j) = j**2 + 4*j + 3. Suppose 6*s = s - 30. Let q be t(s). Let i(d) = d**2 + d + 4. Let h be i(-3). What is the greatest common divisor of h and q?
5
Let n be 96/(-9)*(-3)/2. Suppose 8 = -f + 24. Calculate the highest common factor of f and n.
16
Suppose 5*b = -2*l - 175, -5*b + 0*b + 4*l - 145 = 0. Let w = -20 - b. Suppose 235 = 4*j - 25. What is the highest common factor of j and w?
13
Let t be 1*9/(-3) - (-7 + 1). Let a(u) = 2*u**2 - 7*u - 6. Let y be a(6). What is the highest common divisor of t and y?
3
Suppose 3*p - 10 + 32 = -2*l, 3*p - 2*l = -26. Let b be 1/((-2)/p) - 2. Calculate the greatest common factor of 10 and b.
2
Suppose c = -2*c - 9, j = -4*c - 6. Calculate the greatest common divisor of 42 and j.
6
Let s = 14 - 4. Let i = 14 - 4. Calculate the greatest common factor of s and i.
10
Suppose 8 = -3*a + 2*h, 5*h - 28 + 8 = 5*a. Let g(b) = -b**2 + 8. Let z be g(a). What is the greatest common factor of z and 8?
8
Let b be (-3)/(3/(-16)) + 1. Suppose -89 = -4*y - b. What is the highest common divisor of 2 and y?
2
Suppose -20 = -7*q + 2*q. Suppose o - 43 - 35 = 0. Let n be (-2)/(-4) + o/4. What is the greatest common factor of q and n?
4
Let j be (-14)/21*(-57)/2. What is the greatest common factor of 171 and j?
19
Suppose 38 = -2*x + 122. Suppose -t = 9 - 114. What is the greatest common factor of t and x?
21
Suppose 15 = 3*w + 2*w. Suppose -g + 20 = -w*z + 5*z, -4*z + 5*g + 26 = 0. What is the highest common factor of z and 3?
3
Let l be 9/2*16/6. Suppose 5*s + 2 = l. Suppose -5*r - 3*k + 31 = -2*k, -3*r = -s*k - 16. What is the highest common factor of 54 and r?
6
Suppose 4*c = 8 + 24. Let p = -8 + 6. Let x = -1 - p. What is the greatest common factor of c and x?
1
Let d = 37 - 67. Let s = -8 - d. Suppose -5*l = x - 68, -2*l + 195 = 5*x - 237. Calculate the greatest common divisor of x and s.
22
Let o(d) = -8*d + 5*d**2 + 2*d - 3*d**2 + 1. Suppose 3*z + 4*i - 8 = 0, -2*z = -0*i - 2*i - 10. Let x be o(z). What is the highest common factor of 3 and x?
3
Let q(p) = 7*p - 3. Let m be q(6). Let f(h) = -3*h**3 - 14*h**2 - 8*h + 13. Let l be f(-5). What is the highest common divisor of l and m?
39
Let h = 37 - 21. What is the highest common divisor of 32 and h?
16
Let j = -3 + 8. Let x(w) = w - 5 + 0*w**3 - w**3 + 0 + j*w**2. Let t be x(4). What is the greatest common divisor of t and 3?
3
Suppose -2*g - 14 = -3*g + 2*a, 4*a - 62 = -3*g. Suppose -2*m - 350 = -5*l, -2*l + 6*l - 283 = m. Calculate the greatest common factor of l and g.
18
Let t be (-15)/(-4) + 4*(-15)/80. Calculate the greatest common factor of 3 and t.
3
Let q(o) = o**3 + 8*o**2 + 4*o + 3. Let k be q(-7). What is the greatest common divisor of k and 60?
12
Suppose 3*k + 31 - 80 = -2*r, -3*k + 89 = 4*r. Suppose 4*o + o - r = 0. Calculate the greatest common factor of 10 and o.
2
Let o = 159 + -74. Suppose -4*u + 9*u = o. Calculate the highest common factor of u and 187.
17
Suppose 16*d - 570 = 6*d. What is the greatest common factor of d and 513?
57
Let y be (-1)/(3 - 2)*-1. Suppose -4 + y = -3*z. Suppose 0 = -3*d + 5*k - 1, 0*d + 5*k = -3*d + 19. Calculate the highest common factor of d and z.
1
Suppose 2*m = 3*l + 171, 2*l = -m - 12 + 80. Calculate the greatest common divisor of m and 13.
13
Suppose 0 = 3*k + 3*a - 36, 0 = k - 4*k + 3*a + 36. Suppose -4*l + 452 = k. Calculate the greatest common divisor of 10 and l.
10
Let j be (-6)/(-2) + (-102)/(-6). Let k(r) = -3*r - 13 - 5*r - 3*r - r**2. Let c be k(-9). Calculate the highest common factor of c and j.
5
Suppose 2*f + 5*w = 89, -70 = -2*f - w - 1. Calculate the greatest common factor of 8 and f.
8
Suppose 5*v - 11 = -5*l - 1, 3*l + 26 = 5*v. Suppose 8 = 2*c, 0 = -v*i + 2*c + 49 - 5. Calculate the highest common divisor of 78 and i.
13
Let t = -2 - -5. Suppose r + t*w - 2 = w, -2*w = -3*r + 6. Suppose -d + 26 = 3*p - 0*p, -4*d = -5*p + 66. What is the highest common divisor of r and p?
2
Let f = -143 + 149. What is the highest common divisor of f and 30?
6
Let q be (-1390)/(-14) - (-8)/(-28). Calculate the greatest common factor of 11 and q.
11
Suppose -p - 6 = -3. Let h be p - 3/((-6)/34). What is the highest common divisor of 35 and h?
7
Let d = 41 - 25. What is the highest common factor of 2 and d?
2
Let h(y) = -y**3 + 7*y**2 + 3. Let w be h(7). Let a = -113 - -116. What is the highest common divisor of a and w?
3
Suppose 0 = q - 52 + 17. Let a be (2/(-6))/(3/9). Let s = 4 - a. Calculate the highest common divisor of s and q.
5
Suppose -7 = 5*n + 13. Let a = n - -23. Let z(h) = 13*h**2 - h + 5. Let s be z(4). What is the highest common divisor of s and a?
19
Let b be 52/12 - (-2)/3. Let s = 4 - b. Let x be 3/(s/(60/(-9))). Calculate the highest common divisor of x and 5.
5
Suppose d + d - 3*t - 12 = 0, t = 3*d - 18. Let a = 57 - 9. What is the highest common factor of a and d?
6
Suppose -2*u + 3*d = -344 - 192, -4*u + 1062 = -d. Ca